26
Suppose -19 + 4 = -5*d. Suppose -6*q - 5*y = -7*q + 818, 5*y - 2374 = -d*q. What is the highest common factor of q and 42?
42
Suppose -36*r + 18328 = -1184. Let s = r + -437. Suppose 5*c - 2*w = 83, 0*c + 5*w = 5*c - 95. What is the highest common factor of c and s?
15
Let j = -7 + 11. Suppose 4*z - 99 + 31 = 3*y, y = -j*z + 52. What is the highest common divisor of 70 and z?
14
Suppose -7*y + 172 = 25. Suppose 4*r = -20, 6 = 5*n + 5*r + y. What is the greatest common factor of 11 and n?
1
Let s(c) = -c**3 + 41*c**2 - 39*c - 32. Let h(v) = -4*v**2 - 29*v + 10. Let g be h(-6). Let a be s(g). Calculate the highest common divisor of a and 52.
4
Let p be (-1917)/(-36) + (-42)/(-24). Let o = 6 + 5. Calculate the greatest common factor of o and p.
11
Suppose 0 = 561*t - 569*t + 97152. Suppose 11*s - t = -11*s. Calculate the highest common factor of s and 46.
46
Let a(x) = 7*x - 8. Let w be a(4). Let z = w + -21. Let p be (1 + 0)*(z - -46). Calculate the highest common factor of 45 and p.
45
Suppose -3*d + 5*r = -491, -6*d - 2*r = -5*d - 160. Let z = 217 - d. Let l(q) = 5*q - 15. Let w be l(4). What is the greatest common divisor of z and w?
5
Let w be -1 + 12298 - (5/5 + 2). Calculate the highest common factor of 18 and w.
18
Let x = 301 - 132. Let q(k) = -k**3 + 4*k**2 + 90*k - 455. Let b be q(6). What is the greatest common divisor of x and b?
13
Let y = 3 - 5. Let j be -1 - (20/y)/2. Suppose 317 = 64*g + 21*g - 23. Calculate the highest common divisor of j and g.
4
Let s be (-1)/3 + 50/6. Suppose -18*d + 857 + 871 = 0. Let v be (44/6)/(16/d). Calculate the greatest common factor of s and v.
4
Suppose 0 = -4*r - 17*t + 18*t + 301, 3*t - 297 = -4*r. What is the greatest common divisor of 875 and r?
25
Let i be 2 - (-26228 - (10 - 5)). Calculate the highest common factor of i and 33.
33
Suppose 5*o = 8 + 12. Let s be (11/2)/(1/o). Suppose -3*a - 4*m + 654 = 0, m + 4329 = 2*a + 3827. Calculate the highest common factor of a and s.
22
Let k(b) = b**2 - 18*b + 109. Let l be k(9). What is the greatest common divisor of 224 and l?
28
Suppose 1182 = 30*x + 192. What is the greatest common factor of 62733 and x?
33
Let i(f) = 8*f - 157. Let r(g) = 17*g - 313. Let a(k) = -9*i(k) + 4*r(k). Let y be a(35). Calculate the greatest common divisor of y and 168.
21
Let i(u) = 247*u - 5. Let q be i(1). Let j = -73 - -217. Suppose -15*t + 186 + j = 0. Calculate the greatest common divisor of t and q.
22
Suppose 0 = 7*n - 6*n + 4*i - 68, -3*i - 159 = -3*n. Calculate the highest common factor of 3052 and n.
28
Let t be -8*(-4 + 1)/1. Let o be (t/(-14))/((-12)/42). Suppose -14*u + u + 52 = 0. Calculate the highest common factor of u and o.
2
Suppose 0 = -10*a + 495 + 305. Suppose 15*l = -86 + 1586. Calculate the greatest common factor of l and a.
20
Let f be 25/(-4)*(0 - 4). Suppose 5*l + 2*s = -70, 2*l = -l - 2*s - 46. Let n = f + l. Calculate the highest common divisor of n and 13.
13
Let j be (-12)/44 + 30384/88. What is the greatest common divisor of j and 195?
15
Suppose -276*f = 276*f - 544*f - 672. Calculate the highest common factor of 140 and f.
28
Let m = 3537 + -2549. Calculate the greatest common divisor of 364 and m.
52
Let l(y) = 14*y + 12 - y**3 + 23*y**2 + 4 - 35*y**2. Let u be l(-13). Suppose -n + u = -0, -3*m + 12 = -2*n. What is the highest common factor of m and 12?
6
Suppose 69*u - o + 17932 = 72*u, 2*o - 8 = 0. Calculate the greatest common divisor of 144 and u.
72
Let m = 1 + 2. Let s(a) = 3*a + 1. Let z be s(m). Suppose -3*b - 84 = -4*p, -4*p - 51 = -9*p - 3*b. What is the greatest common divisor of z and p?
5
Suppose -122271 = -240*p + 252609. What is the greatest common divisor of p and 994?
142
Let a be 30/(-4)*(-252)/45 - -9. What is the highest common divisor of a and 85?
17
Suppose -d = -46*d - 50*d + 9975. Calculate the greatest common divisor of d and 777.
21
Let b(w) = -w**2 - 25*w - 122. Let s be b(-15). Suppose -2*o = 3*z - 203, -z + o = -s - 33. Calculate the highest common factor of 26 and z.
13
Let h = -12971 - -12999. What is the highest common factor of h and 1004?
4
Let a = 65096 + -64832. Suppose -66 = -0*s - 2*s. What is the greatest common factor of s and a?
33
Suppose -2*h - 2*r = -7383 + 665, -5*h + 4*r = -16750. Suppose 2*o = -o + h. Let p be o/8 - 3/(-12). What is the highest common factor of p and 20?
20
Let y = 3 - 0. Let l(i) = -26 + 24 - 25*i**3 + i**2 - y*i - 3*i**2. Let b be l(-1). Calculate the greatest common factor of 168 and b.
24
Suppose -200*c + 198*c = -20. Suppose 3*h - 49 = -n, c*h = -2*n + 7*h + 86. What is the highest common divisor of 296 and n?
37
Suppose 0*s - s = 3*g - 43, -58 = -3*g + 2*s. Suppose -10 = 3*y - g. Calculate the greatest common factor of y and 9.
1
Let j be 2790/4*90*(-28)/(-378). What is the highest common divisor of j and 93?
93
Suppose 8*k + 396 = -36*k. Let t be (k/(-4))/((-7)/(-1932)). What is the highest common factor of 69 and t?
69
Suppose 22*g - 20*g - 259 = -5*x, -x = -1. What is the highest common factor of 3810 and g?
127
Suppose q = 6*q - 25. Let z be 1 - (-6)/q*(-10)/(-4). Suppose 0 = z*v + 3*r - 15, -3*r = -r + 6. What is the greatest common divisor of 4 and v?
2
Let b(v) = v**3 - 53*v**2 - 213*v + 2589. Let x be b(56). Let g(j) = 7*j + 2. Let t be g(3). What is the highest common divisor of t and x?
23
Suppose -15*q = 3*c - 19*q - 1525, 0 = -2*c - 3*q + 994. Let d = -468 + c. Let s be 70 - 0*2/4. Calculate the greatest common factor of s and d.
35
Let h(l) = -8*l**3 - 34*l**2 + 50*l + 15. Let o be h(-11). Calculate the greatest common factor of o and 14.
7
Let r(y) = -555*y - 3677. Let g be r(-7). What is the greatest common factor of 5252 and g?
52
Suppose -3*z - 4*z + 11*z = 0. Suppose z*v + v - 72 = -4*x, -2*v - 3*x = -144. What is the highest common divisor of v and 9?
9
Let s = 655 + -512. Let i(x) = 2*x - 6. Let n(q) = -4*q + 11. Let l(c) = 7*i(c) + 3*n(c). Let u be l(11). Calculate the greatest common divisor of u and s.
13
Let u = -37 + 41. Let m be 272/28 - u/(-14). Let z be (-144)/15*(0 + m/(-3)). What is the highest common factor of 32 and z?
32
Let o = 58173 - 27244. Calculate the greatest common factor of o and 157.
157
Let g(d) = 8*d**2 + 4*d + 10. Let y = 97 + -100. Let j be g(y). Let h(u) = -4*u + 19. Let b be h(-4). What is the highest common divisor of j and b?
35
Let x(t) = 19*t**2 + 359*t + 1074. Let l be x(-3). Let c(n) = 16*n**3 - n. Let v be c(2). What is the highest common factor of l and v?
42
Suppose 5*y - 4825 = -h, 23*y - 25*y + 3*h = -1947. Let g = y - 941. Calculate the greatest common divisor of g and 25.
25
Let o(y) = -y**3 + 10*y**2 - 76. Let l be o(9). Calculate the greatest common factor of 45 and l.
5
Let a be (20/3 + -8)/(2/(-9)). Suppose -k + 2*k - a = 0. Calculate the greatest common divisor of 48 and k.
6
Suppose -221*u + 226*u + 2*f - 86201 = 0, 0 = -2*u + 2*f + 34458. Calculate the greatest common factor of u and 22.
11
Suppose -3*x + 3808 = f, 5*f - 1815*x + 1813*x = 19040. Calculate the greatest common divisor of f and 560.
112
Let b be (0 - -114)*770/105. What is the greatest common divisor of b and 608?
76
Suppose 18*d - 3944 = -40*d. What is the highest common factor of d and 646?
34
Let c be (-8)/52 - (-9)/(117/5462). Suppose 0 = 24*q - 27*q + c. What is the greatest common divisor of 105 and q?
35
Let t be (-85)/(-34)*6/5. Suppose 3*y - 600 = -2*x, -t*x + 0*y + 2*y = -926. What is the highest common factor of 34 and x?
34
Suppose 0 = -5*y + 4*p + 459, -y + 2*p = -41 - 52. Suppose 36 = -5*n + y. Calculate the highest common divisor of n and 121.
11
Let z(f) = 5*f**2 - 67*f + 4. Suppose -5*t + 7*a + 45 = 2*a, -2*a + 66 = 4*t. Let w be z(t). What is the greatest common divisor of 230 and w?
46
Suppose 11 + 337 = g - 3*n, -344 = -g + 2*n. Let k = -3107 - -3203. Calculate the greatest common factor of k and g.
48
Let z be 10/(-3)*(-6)/2. Let n(d) = -d**3 + 10*d**2 + 2*d - 7. Let v be n(z). Let s = 3989 + -3937. What is the greatest common factor of v and s?
13
Let s = -358 + 533. Let k = s + -173. What is the highest common divisor of 8 and k?
2
Suppose 0 = -7*z - 22*z + 13659. Suppose -6*n + z = 39. Calculate the greatest common divisor of 54 and n.
18
Let q be 213 - ((-1)/(-4*4/128) - 11). What is the greatest common 